{"id":4218,"date":"2024-12-09T15:13:00","date_gmt":"2024-12-09T14:13:00","guid":{"rendered":"https:\/\/hachandball.fr\/?page_id=4218"},"modified":"2025-09-24T17:18:15","modified_gmt":"2025-09-24T15:18:15","slug":"equipe-lbe","status":"publish","type":"page","link":"https:\/\/hachandball.fr\/index.php\/equipe-lbe\/","title":{"rendered":"Equipe LBE"},"content":{"rendered":"<!--themify_builder_content-->\n<div id=\"themify_builder_content-4218\" data-postid=\"4218\" class=\"themify_builder_content themify_builder_content-4218 themify_builder tf_clear\">\n                    <div  data-css_id=\"h4bq903\" data-lazy=\"1\" class=\"module_row themify_builder_row fullheight fullwidth tb_h4bq903 tb_first tf_w\">\n                        <div class=\"row_inner col_align_middle gutter-none tb_col_count_5 tf_box tf_rel\">\n                        <div  data-lazy=\"1\" class=\"module_column tb-column col5-1 tb_4g9a903 first\">\n        <span  class=\"builder_row_cover tf_abs\" data-lazy=\"1\"><\/span>            <!-- module text -->\n<div  class=\"module module-text tb_t0qe904    wow\" data-tf-animation=\"fadeInDownBig\" data-lazy=\"1\">\n        <div  class=\"tb_text_wrap\">\n        <h2>Effectif<\/h2>\n<p>D\u00e9couvrez nos joueuses<\/p>    <\/div>\n<\/div>\n<!-- \/module text --><!-- module buttons -->\n<div  class=\"module module-buttons tb_mdvb904 buttons-horizontal outline  \" data-lazy=\"1\">\n        <div class=\"module-buttons-item tf_in_flx\">\n                        <a href=\"\/index.php\/effectif-d2f\" class=\"ui builder_button tf_in_flx tb_default_color\" >\n                                                Je d\u00e9couvre                                        <\/a>\n                <\/div>\n            <\/div>\n<!-- \/module buttons -->\n        <\/div>\n                    <div  data-lazy=\"1\" class=\"module_column tb-column col5-1 tb_uqem904\">\n        <span  class=\"builder_row_cover tf_abs\" data-lazy=\"1\"><\/span>            <!-- module text -->\n<div  class=\"module module-text tb_4v5c904    wow\" data-tf-animation=\"fadeInDownBig\" data-lazy=\"1\">\n        <div  class=\"tb_text_wrap\">\n        <h2>R\u00e9sultats<\/h2>\n<p>Les scores des derniers matchs<\/p>    <\/div>\n<\/div>\n<!-- \/module text --><!-- module buttons -->\n<div  class=\"module module-buttons tb_1q8y904 buttons-horizontal outline  \" data-lazy=\"1\">\n        <div class=\"module-buttons-item tf_in_flx\">\n                        <a href=\"\/index.php\/resultats\/\" class=\"ui builder_button tf_in_flx tb_default_color\" >\n                                                Consulter                                        <\/a>\n                <\/div>\n            <\/div>\n<!-- \/module buttons -->\n        <\/div>\n                    <div  data-lazy=\"1\" class=\"module_column tb-column col5-1 tb_pnbj905\">\n        <span  class=\"builder_row_cover tf_abs\" data-lazy=\"1\"><\/span>            <!-- module text -->\n<div  class=\"module module-text tb_wv33905    wow\" data-tf-animation=\"fadeInDownBig\" data-lazy=\"1\">\n        <div  class=\"tb_text_wrap\">\n        <h2>Prochains matchs<\/h2>\n<p>Les dates et lieux des prochaines rencontres<\/p>    <\/div>\n<\/div>\n<!-- \/module text --><!-- module buttons -->\n<div  class=\"module module-buttons tb_amb8905 buttons-horizontal outline  \" data-lazy=\"1\">\n        <div class=\"module-buttons-item tf_in_flx\">\n                        <a href=\"\/index.php\/les-prochains-matchs\" class=\"ui builder_button tf_in_flx tb_default_color\" >\n                                                Consulter                                        <\/a>\n                <\/div>\n            <\/div>\n<!-- \/module buttons -->\n        <\/div>\n                    <div  data-lazy=\"1\" class=\"module_column tb-column col5-1 tb_pla2905\">\n        <span  class=\"builder_row_cover tf_abs\" data-lazy=\"1\"><\/span>            <!-- module text -->\n<div  class=\"module module-text tb_4t0v905    wow\" data-tf-animation=\"fadeInDownBig\" data-lazy=\"1\">\n        <div  class=\"tb_text_wrap\">\n        <h2>Venir aux matchs<\/h2>\n<p>Infos &amp; acc\u00e8s<\/p>    <\/div>\n<\/div>\n<!-- \/module text --><!-- module buttons -->\n<div  class=\"module module-buttons tb_0f5j905 buttons-horizontal outline  \" data-lazy=\"1\">\n        <div class=\"module-buttons-item tf_in_flx\">\n                        <a href=\"\/index.php\/venir-aux-matchs\/\" class=\"ui builder_button tf_in_flx tb_default_color\" >\n                                                Je me renseigne                                        <\/a>\n                <\/div>\n            <\/div>\n<!-- \/module buttons -->\n        <\/div>\n                    <div  data-lazy=\"1\" class=\"module_column tb-column col5-1 tb_36sy50 last\">\n        <span  class=\"builder_row_cover tf_abs\" data-lazy=\"1\"><\/span>            <!-- module text -->\n<div  class=\"module module-text tb_0w60710    wow\" data-tf-animation=\"fadeInDownBig\" data-lazy=\"1\">\n        <div  class=\"tb_text_wrap\">\n        <h2>Bureau &amp; Staff<\/h2>\n<p>D\u00e9couvrez les membres<\/p>    <\/div>\n<\/div>\n<!-- \/module text --><!-- module buttons -->\n<div  class=\"module module-buttons tb_83br351 buttons-horizontal outline  \" data-lazy=\"1\">\n        <div class=\"module-buttons-item tf_in_flx\">\n                        <a href=\"https:\/\/hachandball.fr\/index.php\/staff-bureau\/\" class=\"ui builder_button tf_in_flx tb_default_color\" >\n                                                Je d\u00e9couvre                                        <\/a>\n                <\/div>\n            <\/div>\n<!-- \/module buttons -->\n        <\/div>\n                        <\/div>\n        <\/div>\n        <\/div>\n<!--\/themify_builder_content-->","protected":false},"excerpt":{"rendered":"<p>Effectif D\u00e9couvrez nos joueuses<\/p>\n","protected":false},"author":2,"featured_media":0,"parent":0,"menu_order":0,"comment_status":"closed","ping_status":"closed","template":"","meta":{"iawp_total_views":4818,"footnotes":""},"class_list":["post-4218","page","type-page","status-publish","hentry","has-post-title","has-post-date","has-post-category","has-post-tag","has-post-comment","has-post-author",""],"yoast_head":"<!-- This site is optimized with the Yoast SEO plugin v27.4 - https:\/\/yoast.com\/product\/yoast-seo-wordpress\/ -->\n<title>Equipe LBE - Hachandball<\/title>\n<meta name=\"description\" content=\"D\u00e9couvrez toutes les infos sur l&#039;\u00e9quipe de la D2F du HAC Handball, son effectif, ses r\u00e9sultats, les prochains matchs...\" \/>\n<meta name=\"robots\" content=\"index, follow, max-snippet:-1, max-image-preview:large, max-video-preview:-1\" \/>\n<link rel=\"canonical\" href=\"https:\/\/hachandball.fr\/index.php\/equipe-lbe\/\" \/>\n<meta property=\"og:locale\" content=\"fr_FR\" \/>\n<meta property=\"og:type\" content=\"article\" \/>\n<meta property=\"og:title\" content=\"Equipe LBE - Hachandball\" \/>\n<meta property=\"og:description\" content=\"D\u00e9couvrez toutes les infos sur l&#039;\u00e9quipe de la D2F du HAC Handball, son effectif, ses r\u00e9sultats, les prochains matchs...\" \/>\n<meta property=\"og:url\" content=\"https:\/\/hachandball.fr\/index.php\/equipe-lbe\/\" \/>\n<meta property=\"og:site_name\" content=\"Hachandball\" \/>\n<meta property=\"article:modified_time\" content=\"2025-09-24T15:18:15+00:00\" \/>\n<meta name=\"twitter:card\" content=\"summary_large_image\" \/>\n<meta name=\"twitter:label1\" content=\"Dur\u00e9e de lecture estim\u00e9e\" \/>\n\t<meta name=\"twitter:data1\" content=\"1 minute\" \/>\n<script type=\"application\/ld+json\" class=\"yoast-schema-graph\">{\"@context\":\"https:\\\/\\\/schema.org\",\"@graph\":[{\"@type\":\"WebPage\",\"@id\":\"https:\\\/\\\/hachandball.fr\\\/index.php\\\/equipe-lbe\\\/\",\"url\":\"https:\\\/\\\/hachandball.fr\\\/index.php\\\/equipe-lbe\\\/\",\"name\":\"Equipe LBE - Hachandball\",\"isPartOf\":{\"@id\":\"https:\\\/\\\/hachandball.fr\\\/#website\"},\"datePublished\":\"2024-12-09T14:13:00+00:00\",\"dateModified\":\"2025-09-24T15:18:15+00:00\",\"description\":\"D\u00e9couvrez toutes les infos sur l'\u00e9quipe de la D2F du HAC Handball, son effectif, ses r\u00e9sultats, les prochains matchs...\",\"breadcrumb\":{\"@id\":\"https:\\\/\\\/hachandball.fr\\\/index.php\\\/equipe-lbe\\\/#breadcrumb\"},\"inLanguage\":\"fr-FR\",\"potentialAction\":[{\"@type\":\"ReadAction\",\"target\":[\"https:\\\/\\\/hachandball.fr\\\/index.php\\\/equipe-lbe\\\/\"]}]},{\"@type\":\"BreadcrumbList\",\"@id\":\"https:\\\/\\\/hachandball.fr\\\/index.php\\\/equipe-lbe\\\/#breadcrumb\",\"itemListElement\":[{\"@type\":\"ListItem\",\"position\":1,\"name\":\"Accueil\",\"item\":\"https:\\\/\\\/hachandball.fr\\\/\"},{\"@type\":\"ListItem\",\"position\":2,\"name\":\"Equipe LBE\"}]},{\"@type\":\"WebSite\",\"@id\":\"https:\\\/\\\/hachandball.fr\\\/#website\",\"url\":\"https:\\\/\\\/hachandball.fr\\\/\",\"name\":\"Hachandball\",\"description\":\"Bienvenu sur le site de Le Havre Athletic Club Handball, Club f\u00e9minin de handball.\",\"potentialAction\":[{\"@type\":\"SearchAction\",\"target\":{\"@type\":\"EntryPoint\",\"urlTemplate\":\"https:\\\/\\\/hachandball.fr\\\/?s={search_term_string}\"},\"query-input\":{\"@type\":\"PropertyValueSpecification\",\"valueRequired\":true,\"valueName\":\"search_term_string\"}}],\"inLanguage\":\"fr-FR\"}]}<\/script>\n<!-- \/ Yoast SEO plugin. -->","yoast_head_json":{"title":"Equipe LBE - Hachandball","description":"D\u00e9couvrez toutes les infos sur l'\u00e9quipe de la D2F du HAC Handball, son effectif, ses r\u00e9sultats, les prochains matchs...","robots":{"index":"index","follow":"follow","max-snippet":"max-snippet:-1","max-image-preview":"max-image-preview:large","max-video-preview":"max-video-preview:-1"},"canonical":"https:\/\/hachandball.fr\/index.php\/equipe-lbe\/","og_locale":"fr_FR","og_type":"article","og_title":"Equipe LBE - Hachandball","og_description":"D\u00e9couvrez toutes les infos sur l'\u00e9quipe de la D2F du HAC Handball, son effectif, ses r\u00e9sultats, les prochains matchs...","og_url":"https:\/\/hachandball.fr\/index.php\/equipe-lbe\/","og_site_name":"Hachandball","article_modified_time":"2025-09-24T15:18:15+00:00","twitter_card":"summary_large_image","twitter_misc":{"Dur\u00e9e de lecture estim\u00e9e":"1 minute"},"schema":{"@context":"https:\/\/schema.org","@graph":[{"@type":"WebPage","@id":"https:\/\/hachandball.fr\/index.php\/equipe-lbe\/","url":"https:\/\/hachandball.fr\/index.php\/equipe-lbe\/","name":"Equipe LBE - Hachandball","isPartOf":{"@id":"https:\/\/hachandball.fr\/#website"},"datePublished":"2024-12-09T14:13:00+00:00","dateModified":"2025-09-24T15:18:15+00:00","description":"D\u00e9couvrez toutes les infos sur l'\u00e9quipe de la D2F du HAC Handball, son effectif, ses r\u00e9sultats, les prochains matchs...","breadcrumb":{"@id":"https:\/\/hachandball.fr\/index.php\/equipe-lbe\/#breadcrumb"},"inLanguage":"fr-FR","potentialAction":[{"@type":"ReadAction","target":["https:\/\/hachandball.fr\/index.php\/equipe-lbe\/"]}]},{"@type":"BreadcrumbList","@id":"https:\/\/hachandball.fr\/index.php\/equipe-lbe\/#breadcrumb","itemListElement":[{"@type":"ListItem","position":1,"name":"Accueil","item":"https:\/\/hachandball.fr\/"},{"@type":"ListItem","position":2,"name":"Equipe LBE"}]},{"@type":"WebSite","@id":"https:\/\/hachandball.fr\/#website","url":"https:\/\/hachandball.fr\/","name":"Hachandball","description":"Bienvenu sur le site de Le Havre Athletic Club Handball, Club f\u00e9minin de handball.","potentialAction":[{"@type":"SearchAction","target":{"@type":"EntryPoint","urlTemplate":"https:\/\/hachandball.fr\/?s={search_term_string}"},"query-input":{"@type":"PropertyValueSpecification","valueRequired":true,"valueName":"search_term_string"}}],"inLanguage":"fr-FR"}]}},"builder_content":"<h2>Effectif<\/h2> <p>D\u00e9couvrez nos joueuses<\/p>\n<a href=\"\/index.php\/effectif-d2f\" > Je d\u00e9couvre <\/a>\n<h2>R\u00e9sultats<\/h2> <p>Les scores des derniers matchs<\/p>\n<a href=\"\/index.php\/resultats\/\" > Consulter <\/a>\n<h2>Prochains matchs<\/h2> <p>Les dates et lieux des prochaines rencontres<\/p>\n<a href=\"\/index.php\/les-prochains-matchs\" > Consulter <\/a>\n<h2>Venir aux matchs<\/h2> <p>Infos &amp; acc\u00e8s<\/p>\n<a href=\"\/index.php\/venir-aux-matchs\/\" > Je me renseigne <\/a>\n<h2>Bureau &amp; Staff<\/h2> <p>D\u00e9couvrez les membres<\/p>\n<a href=\"https:\/\/hachandball.fr\/index.php\/staff-bureau\/\" > Je d\u00e9couvre <\/a>","_links":{"self":[{"href":"https:\/\/hachandball.fr\/index.php\/wp-json\/wp\/v2\/pages\/4218","targetHints":{"allow":["GET"]}}],"collection":[{"href":"https:\/\/hachandball.fr\/index.php\/wp-json\/wp\/v2\/pages"}],"about":[{"href":"https:\/\/hachandball.fr\/index.php\/wp-json\/wp\/v2\/types\/page"}],"author":[{"embeddable":true,"href":"https:\/\/hachandball.fr\/index.php\/wp-json\/wp\/v2\/users\/2"}],"replies":[{"embeddable":true,"href":"https:\/\/hachandball.fr\/index.php\/wp-json\/wp\/v2\/comments?post=4218"}],"version-history":[{"count":23,"href":"https:\/\/hachandball.fr\/index.php\/wp-json\/wp\/v2\/pages\/4218\/revisions"}],"predecessor-version":[{"id":5139,"href":"https:\/\/hachandball.fr\/index.php\/wp-json\/wp\/v2\/pages\/4218\/revisions\/5139"}],"wp:attachment":[{"href":"https:\/\/hachandball.fr\/index.php\/wp-json\/wp\/v2\/media?parent=4218"}],"curies":[{"name":"wp","href":"https:\/\/api.w.org\/{rel}","templated":true}]}}